{"id":141,"date":"2012-12-07T08:36:12","date_gmt":"2012-12-07T08:36:12","guid":{"rendered":"http:\/\/fellambiente-grieger.de\/?page_id=141"},"modified":"2024-09-24T10:25:43","modified_gmt":"2024-09-24T10:25:43","slug":"sonstige-fellartikel-2","status":"publish","type":"page","link":"https:\/\/fellambiente-grieger.de\/?page_id=141","title":{"rendered":"Sonstige Fellartikel"},"content":{"rendered":"<p><a href=\"https:\/\/fellambiente-grieger.de\/wp-content\/uploads\/2012\/12\/1-Heitmann-Fahrradsattelbez\u00fcge-Kopie.jpg\"><img fetchpriority=\"high\" decoding=\"async\" class=\"size-thumbnail wp-image-913 alignleft\" title=\"Heitmann Fahrradsattelbez\u00fcge\" src=\"https:\/\/fellambiente-grieger.de\/wp-content\/uploads\/2012\/12\/1-Heitmann-Fahrradsattelbez\u00fcge-Kopie-300x300.jpg\" alt=\"\" width=\"300\" height=\"300\" srcset=\"https:\/\/fellambiente-grieger.de\/wp-content\/uploads\/2012\/12\/1-Heitmann-Fahrradsattelbez\u00fcge-Kopie-300x300.jpg 300w, https:\/\/fellambiente-grieger.de\/wp-content\/uploads\/2012\/12\/1-Heitmann-Fahrradsattelbez\u00fcge-Kopie-500x500.jpg 500w, https:\/\/fellambiente-grieger.de\/wp-content\/uploads\/2012\/12\/1-Heitmann-Fahrradsattelbez\u00fcge-Kopie.jpg 700w\" sizes=\"(max-width: 300px) 100vw, 300px\" \/><\/a><\/p>\n<p>Fahrradsattelbez\u00fcge in unterschiedlichen Gr\u00f6\u00dfen<br \/>\n(in anthrazit, silber, beige)<br \/>\n<strong>Ab \u20ac 19,95<\/strong><\/p>\n<p>&nbsp;<\/p>\n<p>&nbsp;<\/p>\n<p>&nbsp;<\/p>\n<p>&nbsp;<\/p>\n<p>&nbsp;<\/p>\n<p>&nbsp;<\/p>\n<p><a href=\"https:\/\/fellambiente-grieger.de\/wp-content\/uploads\/2012\/12\/HeitmannSitzkissenLammfellWeb.jpg\"><img decoding=\"async\" class=\"alignleft size-thumbnail wp-image-923\" title=\"Heitmann Sitzkissen Lammfell\" src=\"https:\/\/fellambiente-grieger.de\/wp-content\/uploads\/2012\/12\/HeitmannSitzkissenLammfellWeb-300x300.jpg\" alt=\"\" width=\"300\" height=\"300\" srcset=\"https:\/\/fellambiente-grieger.de\/wp-content\/uploads\/2012\/12\/HeitmannSitzkissenLammfellWeb-300x300.jpg 300w, https:\/\/fellambiente-grieger.de\/wp-content\/uploads\/2012\/12\/HeitmannSitzkissenLammfellWeb-500x500.jpg 500w, https:\/\/fellambiente-grieger.de\/wp-content\/uploads\/2012\/12\/HeitmannSitzkissenLammfellWeb.jpg 700w\" sizes=\"(max-width: 300px) 100vw, 300px\" \/><\/a><\/p>\n<p>Lammfell Sitzkissen in unterschiedlichen Gr\u00f6\u00dfen und Farben<br \/>\n<strong>Ab \u20ac 21,95<\/strong><\/p>\n<p>&nbsp;<\/p>\n<p>&nbsp;<\/p>\n<p>&nbsp;<\/p>\n<p>&nbsp;<\/p>\n<p>&nbsp;<\/p>\n<p>&nbsp;<\/p>\n<p><a href=\"https:\/\/fellambiente-grieger.de\/wp-content\/uploads\/2012\/12\/HeitmannLammfellStaubwedelweb.jpg\"><img decoding=\"async\" class=\"alignleft size-thumbnail wp-image-924\" title=\"Heitmann Lammfell Staubwedel\" src=\"https:\/\/fellambiente-grieger.de\/wp-content\/uploads\/2012\/12\/HeitmannLammfellStaubwedelweb-300x300.jpg\" alt=\"\" width=\"300\" height=\"300\" srcset=\"https:\/\/fellambiente-grieger.de\/wp-content\/uploads\/2012\/12\/HeitmannLammfellStaubwedelweb-300x300.jpg 300w, https:\/\/fellambiente-grieger.de\/wp-content\/uploads\/2012\/12\/HeitmannLammfellStaubwedelweb-500x500.jpg 500w, https:\/\/fellambiente-grieger.de\/wp-content\/uploads\/2012\/12\/HeitmannLammfellStaubwedelweb.jpg 700w\" sizes=\"(max-width: 300px) 100vw, 300px\" \/><\/a><\/p>\n<p>Lammfell Staubwedel<br \/>\n<strong>\u20ac 9,95<\/strong><\/p>\n<p>&nbsp;<\/p>\n<p>&nbsp;<\/p>\n<p>&nbsp;<\/p>\n<p>&nbsp;<\/p>\n<p>&nbsp;<\/p>\n<p>&nbsp;<\/p>\n<p><img loading=\"lazy\" decoding=\"async\" class=\"wp-image-1479 alignleft\" src=\"https:\/\/fellambiente-grieger.de\/wp-content\/uploads\/2018\/09\/4-Geldtasche-hoch-klein-dunkel-klein.jpg\" alt=\"\" width=\"294\" height=\"294\" srcset=\"https:\/\/fellambiente-grieger.de\/wp-content\/uploads\/2018\/09\/4-Geldtasche-hoch-klein-dunkel-klein.jpg 300w, https:\/\/fellambiente-grieger.de\/wp-content\/uploads\/2018\/09\/4-Geldtasche-hoch-klein-dunkel-klein-144x144.jpg 144w\" sizes=\"(max-width: 294px) 100vw, 294px\" \/><\/p>\n<p>&nbsp;<\/p>\n<p>&nbsp;<\/p>\n<p>Geldb\u00f6rse aus Leder mit Stierfelleinlage<\/p>\n<p>(in 3 Farben)<\/p>\n<p>\u20ac 29,95<\/p>\n<p>&nbsp;<\/p>\n<p>&nbsp;<\/p>\n<p>&nbsp;<\/p>\n<p>&nbsp;<\/p>\n<p><img loading=\"lazy\" decoding=\"async\" class=\"wp-image-1480 alignleft\" src=\"https:\/\/fellambiente-grieger.de\/wp-content\/uploads\/2018\/09\/5-Geldtasche-quer-gro\u00df-dunkel.jpg\" alt=\"\" width=\"291\" height=\"291\" srcset=\"https:\/\/fellambiente-grieger.de\/wp-content\/uploads\/2018\/09\/5-Geldtasche-quer-gro\u00df-dunkel.jpg 300w, https:\/\/fellambiente-grieger.de\/wp-content\/uploads\/2018\/09\/5-Geldtasche-quer-gro\u00df-dunkel-144x144.jpg 144w\" sizes=\"(max-width: 291px) 100vw, 291px\" \/><\/p>\n<p>Geldb\u00f6rse aus Leder mit Stierfelleinlage (gro\u00df)<\/p>\n<p>(in 3 Farben)<\/p>\n<p>\u20ac 49,95<\/p>\n<p>&nbsp;<\/p>\n<p>&nbsp;<\/p>\n<p>&nbsp;<\/p>\n<p>&nbsp;<\/p>\n<p>&nbsp;<\/p>\n<p><img loading=\"lazy\" decoding=\"async\" class=\"wp-image-1481 alignleft\" src=\"https:\/\/fellambiente-grieger.de\/wp-content\/uploads\/2018\/09\/6-Schl\u00fcsselb\u00f6rse-hell.jpg\" alt=\"\" width=\"254\" height=\"254\" srcset=\"https:\/\/fellambiente-grieger.de\/wp-content\/uploads\/2018\/09\/6-Schl\u00fcsselb\u00f6rse-hell.jpg 300w, https:\/\/fellambiente-grieger.de\/wp-content\/uploads\/2018\/09\/6-Schl\u00fcsselb\u00f6rse-hell-144x144.jpg 144w\" sizes=\"(max-width: 254px) 100vw, 254px\" \/><\/p>\n<p>Schl\u00fcsseltasche aus Leder mit Stierfelleinlage<\/p>\n<p>(in 3 Farben)<\/p>\n<p>\u20ac 14,95<\/p>\n","protected":false},"excerpt":{"rendered":"<p>Fahrradsattelbez\u00fcge in unterschiedlichen Gr\u00f6\u00dfen (in anthrazit, silber, beige) Ab \u20ac 19,95 &nbsp; &nbsp; &nbsp; &nbsp; &nbsp; &nbsp; Lammfell Sitzkissen in unterschiedlichen Gr\u00f6\u00dfen und Farben Ab \u20ac 21,95 &nbsp; &nbsp; &nbsp; &nbsp; &nbsp; &nbsp; Lammfell Staubwedel \u20ac 9,95 &nbsp; &nbsp; &nbsp; &nbsp; &nbsp; &nbsp; &nbsp; &nbsp; Geldb\u00f6rse aus Leder mit Stierfelleinlage (in 3 Farben) \u20ac 29,95 [&hellip;]<\/p>\n","protected":false},"author":1,"featured_media":0,"parent":0,"menu_order":0,"comment_status":"closed","ping_status":"open","template":"","meta":{"ocean_post_layout":"","ocean_both_sidebars_style":"","ocean_both_sidebars_content_width":0,"ocean_both_sidebars_sidebars_width":0,"ocean_sidebar":"0","ocean_second_sidebar":"0","ocean_disable_margins":"enable","ocean_add_body_class":"","ocean_shortcode_before_top_bar":"","ocean_shortcode_after_top_bar":"","ocean_shortcode_before_header":"","ocean_shortcode_after_header":"","ocean_has_shortcode":"","ocean_shortcode_after_title":"","ocean_shortcode_before_footer_widgets":"","ocean_shortcode_after_footer_widgets":"","ocean_shortcode_before_footer_bottom":"","ocean_shortcode_after_footer_bottom":"","ocean_display_top_bar":"default","ocean_display_header":"default","ocean_header_style":"","ocean_center_header_left_menu":"0","ocean_custom_header_template":"0","ocean_custom_logo":0,"ocean_custom_retina_logo":0,"ocean_custom_logo_max_width":0,"ocean_custom_logo_tablet_max_width":0,"ocean_custom_logo_mobile_max_width":0,"ocean_custom_logo_max_height":0,"ocean_custom_logo_tablet_max_height":0,"ocean_custom_logo_mobile_max_height":0,"ocean_header_custom_menu":"0","ocean_menu_typo_font_family":"0","ocean_menu_typo_font_subset":"","ocean_menu_typo_font_size":0,"ocean_menu_typo_font_size_tablet":0,"ocean_menu_typo_font_size_mobile":0,"ocean_menu_typo_font_size_unit":"px","ocean_menu_typo_font_weight":"","ocean_menu_typo_font_weight_tablet":"","ocean_menu_typo_font_weight_mobile":"","ocean_menu_typo_transform":"","ocean_menu_typo_transform_tablet":"","ocean_menu_typo_transform_mobile":"","ocean_menu_typo_line_height":0,"ocean_menu_typo_line_height_tablet":0,"ocean_menu_typo_line_height_mobile":0,"ocean_menu_typo_line_height_unit":"","ocean_menu_typo_spacing":0,"ocean_menu_typo_spacing_tablet":0,"ocean_menu_typo_spacing_mobile":0,"ocean_menu_typo_spacing_unit":"","ocean_menu_link_color":"","ocean_menu_link_color_hover":"","ocean_menu_link_color_active":"","ocean_menu_link_background":"","ocean_menu_link_hover_background":"","ocean_menu_link_active_background":"","ocean_menu_social_links_bg":"","ocean_menu_social_hover_links_bg":"","ocean_menu_social_links_color":"","ocean_menu_social_hover_links_color":"","ocean_disable_title":"default","ocean_disable_heading":"default","ocean_post_title":"","ocean_post_subheading":"","ocean_post_title_style":"","ocean_post_title_background_color":"","ocean_post_title_background":0,"ocean_post_title_bg_image_position":"","ocean_post_title_bg_image_attachment":"","ocean_post_title_bg_image_repeat":"","ocean_post_title_bg_image_size":"","ocean_post_title_height":0,"ocean_post_title_bg_overlay":0.5,"ocean_post_title_bg_overlay_color":"","ocean_disable_breadcrumbs":"default","ocean_breadcrumbs_color":"","ocean_breadcrumbs_separator_color":"","ocean_breadcrumbs_links_color":"","ocean_breadcrumbs_links_hover_color":"","ocean_display_footer_widgets":"default","ocean_display_footer_bottom":"default","ocean_custom_footer_template":"0","footnotes":""},"class_list":["post-141","page","type-page","status-publish","hentry","entry"],"_links":{"self":[{"href":"https:\/\/fellambiente-grieger.de\/index.php?rest_route=\/wp\/v2\/pages\/141","targetHints":{"allow":["GET"]}}],"collection":[{"href":"https:\/\/fellambiente-grieger.de\/index.php?rest_route=\/wp\/v2\/pages"}],"about":[{"href":"https:\/\/fellambiente-grieger.de\/index.php?rest_route=\/wp\/v2\/types\/page"}],"author":[{"embeddable":true,"href":"https:\/\/fellambiente-grieger.de\/index.php?rest_route=\/wp\/v2\/users\/1"}],"replies":[{"embeddable":true,"href":"https:\/\/fellambiente-grieger.de\/index.php?rest_route=%2Fwp%2Fv2%2Fcomments&post=141"}],"version-history":[{"count":32,"href":"https:\/\/fellambiente-grieger.de\/index.php?rest_route=\/wp\/v2\/pages\/141\/revisions"}],"predecessor-version":[{"id":1921,"href":"https:\/\/fellambiente-grieger.de\/index.php?rest_route=\/wp\/v2\/pages\/141\/revisions\/1921"}],"wp:attachment":[{"href":"https:\/\/fellambiente-grieger.de\/index.php?rest_route=%2Fwp%2Fv2%2Fmedia&parent=141"}],"curies":[{"name":"wp","href":"https:\/\/api.w.org\/{rel}","templated":true}]}}